{"id":389,"date":"2024-07-04T20:32:50","date_gmt":"2024-07-04T18:32:50","guid":{"rendered":"https:\/\/blog.frauengelfotografiert.de\/?page_id=389"},"modified":"2024-08-06T20:25:15","modified_gmt":"2024-08-06T18:25:15","slug":"frau-engel","status":"publish","type":"page","link":"https:\/\/blog.frauengelfotografiert.de\/index.php\/frau-engel\/","title":{"rendered":"Frau Engel"},"content":{"rendered":"\n<p>Frau Engel fotografiert, der Name ist hier Programm. Man k\u00f6nnte es aber auch so formulieren: Frau Engel macht so allerhand &#8211; und h\u00e4lt das gern in Bildern fest. Insofern liegt der Fokus hier weniger auf technisch einwandfreien Fotos &#8211; nicht dass hier einer meckert. \ud83d\ude09<\/p>\n\n\n\n<p>Und warum schreibt Frau Engel \u00fcber alles M\u00f6gliche, aber kaum \u00fcbers Fotografieren? Das ist einfach: Ein Bild sagt mehr als tausend Worte. Und sicher k\u00f6nnen andere die Theorie dahinter viel besser erkl\u00e4ren.<\/p>\n","protected":false},"excerpt":{"rendered":"<p>Frau Engel fotografiert, der Name ist hier Programm. Man k\u00f6nnte es aber auch so formulieren: Frau Engel macht so allerhand &#8211; und h\u00e4lt das gern in Bildern fest. Insofern liegt der Fokus hier weniger auf technisch einwandfreien Fotos &#8211; nicht dass hier einer meckert. \ud83d\ude09 Und warum schreibt Frau Engel \u00fcber alles M\u00f6gliche, aber kaum [&hellip;]<\/p>\n","protected":false},"author":3,"featured_media":0,"parent":0,"menu_order":0,"comment_status":"closed","ping_status":"closed","template":"","meta":{"ngg_post_thumbnail":0,"footnotes":""},"class_list":["post-389","page","type-page","status-publish","hentry","post-preview"],"_links":{"self":[{"href":"https:\/\/blog.frauengelfotografiert.de\/index.php\/wp-json\/wp\/v2\/pages\/389","targetHints":{"allow":["GET"]}}],"collection":[{"href":"https:\/\/blog.frauengelfotografiert.de\/index.php\/wp-json\/wp\/v2\/pages"}],"about":[{"href":"https:\/\/blog.frauengelfotografiert.de\/index.php\/wp-json\/wp\/v2\/types\/page"}],"author":[{"embeddable":true,"href":"https:\/\/blog.frauengelfotografiert.de\/index.php\/wp-json\/wp\/v2\/users\/3"}],"replies":[{"embeddable":true,"href":"https:\/\/blog.frauengelfotografiert.de\/index.php\/wp-json\/wp\/v2\/comments?post=389"}],"version-history":[{"count":4,"href":"https:\/\/blog.frauengelfotografiert.de\/index.php\/wp-json\/wp\/v2\/pages\/389\/revisions"}],"predecessor-version":[{"id":623,"href":"https:\/\/blog.frauengelfotografiert.de\/index.php\/wp-json\/wp\/v2\/pages\/389\/revisions\/623"}],"wp:attachment":[{"href":"https:\/\/blog.frauengelfotografiert.de\/index.php\/wp-json\/wp\/v2\/media?parent=389"}],"curies":[{"name":"wp","href":"https:\/\/api.w.org\/{rel}","templated":true}]}}