{"id":35,"date":"2024-05-25T21:38:54","date_gmt":"2024-05-25T21:38:54","guid":{"rendered":"https:\/\/blog.frauengelfotografiert.de\/?page_id=35"},"modified":"2025-10-12T14:45:36","modified_gmt":"2025-10-12T12:45:36","slug":"fotos","status":"publish","type":"page","link":"https:\/\/blog.frauengelfotografiert.de\/index.php\/fotos\/","title":{"rendered":"Fotos"},"content":{"rendered":"\n<p>Klar, wenn frauengel fotografiert, gibt es nat\u00fcrlich auch Bilder. Dann und wann werden neue hinzukommen. ALLE Fotos findest du im <a href=\"https:\/\/blog.frauengelfotografiert.de\/\">Sammelsurium<\/a>.<\/p>\n\n\n\n<hr class=\"wp-block-separator has-alpha-channel-opacity\"\/>\n\n\n\n<h2 class=\"wp-block-heading has-text-align-center\">Fan\u00f8 2025<\/h2>\n\n\n\nngg_shortcode_0_placeholder\n\n\n\n<hr class=\"wp-block-separator has-alpha-channel-opacity\"\/>\n\n\n\n<h2 class=\"wp-block-heading has-text-align-center\"><strong>Wintereinbruch in Barmstedt<\/strong><\/h2>\n\n\n\nngg_shortcode_1_placeholder\n\n\n\n<hr class=\"wp-block-separator has-alpha-channel-opacity\"\/>\n\n\n\n<h2 class=\"wp-block-heading has-text-align-center\">Arboretum Ellerhoop im Herbst<\/h2>\n\n\n\nngg_shortcode_2_placeholder\n\n\n\n<hr class=\"wp-block-separator has-alpha-channel-opacity\"\/>\n\n\n\n<h2 class=\"wp-block-heading has-text-align-center\">Esbjerg<\/h2>\n\n\n\nngg_shortcode_3_placeholder\n\n\n\n<hr class=\"wp-block-separator has-alpha-channel-opacity\"\/>\n\n\n\n<h2 class=\"wp-block-heading has-text-align-center\">Hamburg<\/h2>\n\n\n\nngg_shortcode_4_placeholder\n\n\n\n<hr class=\"wp-block-separator has-alpha-channel-opacity\"\/>\n\n\n\n<h2 class=\"wp-block-heading has-text-align-center\">House of Banksy in Hamburg<\/h2>\n\n\n\nngg_shortcode_5_placeholder\n\n\n\n<hr class=\"wp-block-separator has-alpha-channel-opacity\"\/>\n\n\n\n<h2 class=\"wp-block-heading has-text-align-center\">Oldtimer-Treffen\/ Rantzauer See Barmstedt<\/h2>\n\n\n\nngg_shortcode_6_placeholder\n\n\n\n<hr class=\"wp-block-separator has-alpha-channel-opacity\"\/>\n\n\n\n<h2 class=\"wp-block-heading has-text-align-center\">S\u00f8nderho\/ Fan\u00f8<\/h2>\n\n\n\nngg_shortcode_7_placeholder\n\n\n\n<hr class=\"wp-block-separator has-alpha-channel-opacity\"\/>\n\n\n\n<h2 class=\"wp-block-heading has-text-align-center\">Schlossinsel Barmstedt<\/h2>\n\n\n\nngg_shortcode_8_placeholder\n\n\n\n<hr class=\"wp-block-separator has-alpha-channel-opacity\"\/>\n\n\n\n<h2 class=\"wp-block-heading has-text-align-center\">Polarlichter<\/h2>\n\n\n\nngg_shortcode_9_placeholder\n\n\n\n<hr class=\"wp-block-separator has-alpha-channel-opacity\"\/>\n\n\n\n<h2 class=\"wp-block-heading has-text-align-center\">Arboretum Ellerhoop im Fr\u00fchling 24<\/h2>\n\n\n\nngg_shortcode_10_placeholder\n\n\n\n<hr class=\"wp-block-separator has-alpha-channel-opacity\"\/>\n\n\n\n<h2 class=\"wp-block-heading has-text-align-center\">Insel Fan\u00f8 im Mai 24<\/h2>\n\n\n\nngg_shortcode_11_placeholder\n\n\n\n<hr class=\"wp-block-separator has-alpha-channel-opacity\"\/>\n\n\n\n<h2 class=\"wp-block-heading has-text-align-center\">Strandfotos auf Fan\u00f8<\/h2>\n\n\n\nngg_shortcode_12_placeholder\n\n\n\n<hr class=\"wp-block-separator has-alpha-channel-opacity\"\/>\n\n\n\n<h2 class=\"wp-block-heading has-text-align-center\">Bernstein<\/h2>\n\n\n\nngg_shortcode_13_placeholder\n\n\n\n<hr class=\"wp-block-separator has-alpha-channel-opacity\"\/>\n\n\n\n<h2 class=\"wp-block-heading has-text-align-center\">Nordby\/ Fan\u00f8<\/h2>\n\n\n\nngg_shortcode_14_placeholder\n\n\n\n<hr class=\"wp-block-separator has-alpha-channel-opacity\"\/>\n","protected":false},"excerpt":{"rendered":"<p>Klar, wenn frauengel fotografiert, gibt es nat\u00fcrlich auch Bilder. Dann und wann werden neue hinzukommen. ALLE Fotos findest du im Sammelsurium. Fan\u00f8 2025 Wintereinbruch in Barmstedt Arboretum Ellerhoop im Herbst Esbjerg Hamburg House of Banksy in Hamburg Oldtimer-Treffen\/ Rantzauer See Barmstedt S\u00f8nderho\/ Fan\u00f8 Schlossinsel Barmstedt Polarlichter Arboretum Ellerhoop im Fr\u00fchling 24 Insel Fan\u00f8 im Mai [&hellip;]<\/p>\n","protected":false},"author":1,"featured_media":0,"parent":0,"menu_order":0,"comment_status":"closed","ping_status":"closed","template":"","meta":{"ngg_post_thumbnail":0,"footnotes":""},"class_list":["post-35","page","type-page","status-publish","hentry","post-preview"],"_links":{"self":[{"href":"https:\/\/blog.frauengelfotografiert.de\/index.php\/wp-json\/wp\/v2\/pages\/35","targetHints":{"allow":["GET"]}}],"collection":[{"href":"https:\/\/blog.frauengelfotografiert.de\/index.php\/wp-json\/wp\/v2\/pages"}],"about":[{"href":"https:\/\/blog.frauengelfotografiert.de\/index.php\/wp-json\/wp\/v2\/types\/page"}],"author":[{"embeddable":true,"href":"https:\/\/blog.frauengelfotografiert.de\/index.php\/wp-json\/wp\/v2\/users\/1"}],"replies":[{"embeddable":true,"href":"https:\/\/blog.frauengelfotografiert.de\/index.php\/wp-json\/wp\/v2\/comments?post=35"}],"version-history":[{"count":44,"href":"https:\/\/blog.frauengelfotografiert.de\/index.php\/wp-json\/wp\/v2\/pages\/35\/revisions"}],"predecessor-version":[{"id":1207,"href":"https:\/\/blog.frauengelfotografiert.de\/index.php\/wp-json\/wp\/v2\/pages\/35\/revisions\/1207"}],"wp:attachment":[{"href":"https:\/\/blog.frauengelfotografiert.de\/index.php\/wp-json\/wp\/v2\/media?parent=35"}],"curies":[{"name":"wp","href":"https:\/\/api.w.org\/{rel}","templated":true}]}}